0)*(-1 - -4). Suppose 0 = p*k - v*k - 1045. What is the units digit of k?
9
Suppose -5*d - 132380 = 763*t - 768*t, t = 2*d + 26484. What is the ten thousands digit of t?
2
Let u(v) = -1694*v + 4929. What is the hundreds digit of u(-12)?
2
Suppose 4*n - 3*k = 13, -3*n = -7*k + 4*k - 9. Suppose -3*m + 1 = -n*m. What is the units digit of -3 + (-2)/m + -2 - -37?
4
Let u = -24 - -12. What is the tens digit of 1496/6 + 16/u?
4
What is the ten thousands digit of (-2)/25 - ((-54663187)/775 + 126/1953)?
7
Suppose 91*c - 1897759 - 2369704 = 1069505. What is the ten thousands digit of c?
5
Let q be (-30)/20*(-8)/6. Suppose -t + 3*f + 8 = -q*f, 0 = -4*t - 4*f + 8. Suppose -4*j + 3*k = -0*k - 132, j = t*k + 24. What is the units digit of j?
6
Suppose 2*c - 23949 = -3*j + 26198, 5*c = 5*j - 83545. What is the units digit of j?
3
What is the thousands digit of (37569 + -49 + -3 + 0)*1?
7
Suppose -5 = 5*x, -x + 3*x - 448 = -h. Suppose 9*k - 8*k = h. Suppose 4*p - k = 70. What is the tens digit of p?
3
Let p(j) = -55*j - 2146. Let h be p(-39). Let u = -215 - -323. Let n = u - h. What is the hundreds digit of n?
1
Let l(s) = 4*s - 45. Let f be l(12). What is the tens digit of (((-2)/f)/(-1))/((-6)/(-3339))?
7
Let t be ((-73465)/(-28))/5 - 5/(-4). Let u = 222 + t. What is the units digit of u?
8
Let w(d) = 464*d + 4103. What is the ten thousands digit of w(47)?
2
Suppose -3*q - 264 = -o + 4*o, 90 = -q + o. Suppose 4*r = j + 972, 0 = 4*r - 4*j - 425 - 559. Let h = r + q. What is the tens digit of h?
5
Suppose q + 12 - 27 = v, 4*q + 5*v - 24 = 0. Let d be (q + 15)/(2/6*2). Let j = d - -3. What is the units digit of j?
2
Let c be (-2 - -3)/((-1)/(-83)). Let k = -4 + c. Let a = k - 60. What is the units digit of a?
9
Suppose 2*s + 111611 = -16*w + 19*w, -3*s - 12 = 0. What is the units digit of w?
1
Let l(w) = -w**3 - 8*w**2 - 78*w - 76. What is the hundreds digit of l(-13)?
7
Suppose -77464 = -9*w - 17*w + 3*w. What is the hundreds digit of w?
3
Let c(j) = 62 - 31 + 9*j - 28 + 11*j. Suppose 0 = -3*u + 12 + 18. What is the units digit of c(u)?
3
Let v be -10*(0 - 21/6). Let q = v + -19. Let s(f) = f**2 - 13*f + 5. What is the units digit of s(q)?
3
Suppose -10611 - 16959 = -10*v. What is the tens digit of v?
5
Let s(m) = -m**2 - 23*m - 44. Let h(d) = -d. Let q(n) = -h(n) + s(n). Let p be q(-20). What is the tens digit of ((-2)/p*94)/1?
4
Suppose 0 = -3*a - 4*i + 40, 2*a + 2*i - 18 - 8 = 0. Let m(c) = 9*c**2 - c + 5 - c**3 - a + 2*c. What is the units digit of m(7)?
8
Let u(x) = -16*x - 14. Let p be u(-4). Let j(g) = -p*g + 1 - 8*g + 3*g. What is the hundreds digit of j(-2)?
1
Let r(g) = -638*g - 43. What is the thousands digit of r(-12)?
7
Let x = 117823 + -78395. What is the thousands digit of x?
9
Let t = 968 + -345. Let x = t - 410. Suppose 0*j = j + 3*f - 51, 3*j - x = 3*f. What is the tens digit of j?
6
Let d = 495 - 189. Suppose -16*x = -1934 - d. What is the units digit of x?
0
Let g = 116 - 155. Let s be (-189)/g + 3/(-78)*-4. Suppose 0 = -0*z + s*z - 595. What is the units digit of z?
9
Let u be (-13)/(-2*((-12)/2)/(-60)). Suppose -k + u = -22. What is the units digit of k?
7
Let q(g) = 2*g**3 - g**2 + 12*g + 1. Let f(s) = 7*s**3 + s**2 - 2*s + 1. Let w be f(1). What is the tens digit of q(w)?
2
Let d be 20/(-8)*9/(225/40). Let c(x) = -272*x - 24. What is the tens digit of c(d)?
6
Suppose 0 = -4*i - 4*q + 748, 2*i - i + 3*q - 187 = 0. Let z(r) = -r**3 + 6*r**2 - 10*r + 4. Let s be z(5). Let g = s + i. What is the units digit of g?
6
Let a(x) = 1004*x - 392. What is the hundreds digit of a(8)?
6
Suppose 0*c - 2077 = -3*c - f, 0 = -2*c - 2*f + 1390. Let v = 1318 - c. What is the units digit of v?
7
Suppose -3*x - 6*x = -36. Suppose s + 4255 = 4*b, 0 = b - x*s - 601 - 459. What is the hundreds digit of b?
0
Suppose -q + 2*o + 109 = 0, 12*q + 3*o = 8*q + 381. Suppose -117 = -3*b + q. What is the tens digit of b?
7
Let g be (-54)/18 + (5 - 10). Let c(j) = -12*j + 5*j - 15*j + 11. What is the units digit of c(g)?
7
Suppose -8*g + 299 = -1061. Suppose 2*l - 2148 = g. What is the thousands digit of l?
1
Let y(x) = 143*x**2 + 41*x + 83. What is the units digit of y(-4)?
7
Let h = 35 + -25. Let l(w) = -w + 14. Let u be l(h). Suppose 5*j + 0*m + 2*m - 205 = 0, -j + 59 = u*m. What is the units digit of j?
9
Suppose -5*a - 28 = 4*l, -4*l - a = a + 40. What is the tens digit of -432*(16 + l)*1/(-6)?
8
What is the units digit of 82027/(-55)*-10 + 12?
6
Let s(o) = o**3 + 18*o**2 + 12*o + 6. Let g be s(-17). What is the hundreds digit of (-11982)/(-26) + -5 + 469/g?
4
Let a = -203 - -3220. Suppose 15*p - a = -2. What is the units digit of p?
1
Let z be ((-6)/(-15))/((-16)/(-280)). Suppose z*d - 414 = -2*d. What is the units digit of d?
6
Let i be (-185)/(-4) + 33/44 - -5. What is the units digit of (1107/(-12))/((-13)/i)?
9
Let q = 404 - 399. Suppose 7*b - 9*b = -t + 805, 0 = q*b - 10. What is the hundreds digit of t?
8
Let n(c) = -c**3 + 9*c**2 - 9*c + 8. Let p be n(8). Suppose -2*v - 2 = p, -2*o - 4*v - 532 = -5*o. What is the units digit of o?
6
Let i(j) = 26*j + 9077. What is the tens digit of i(17)?
1
What is the tens digit of 1015/145 - (-4628 - 0)?
3
Let u = 70350 + -43675. What is the hundreds digit of u?
6
Suppose 94838 - 24263 = 25*k. What is the tens digit of k?
2
Suppose -6*j - t - 1224 = -3*j, j + t + 408 = 0. What is the units digit of (-7906)/(-14) - (7 + j/56)?
5
Let x = -71 - -69. Let k be 3757/13 + 5 + x + 0. Suppose -s + k = 3*s. What is the units digit of s?
3
Let o(h) = 15*h**2 + 9*h + 13. Let s(z) = 2*z**3 - 5*z**2 - 2*z + 3. Let m be s(3). What is the tens digit of o(m)?
0
Let o be (-12)/3*-1*(-4)/(-8). Suppose o*k - 3751 = 271. What is the hundreds digit of k?
0
Let u = -931 - -832. What is the tens digit of 49*21 + (-100 - u)?
2
Let h(j) = 52*j + 122. Let q(t) = 2*t + 1. Let o(z) = -3*h(z) + 12*q(z). What is the tens digit of o(-14)?
9
Suppose -12*r - 166*r = 8*r - 2003220. What is the units digit of r?
0
Suppose 5*a = 5*x - 6908 + 120438, 22706 = a + x. What is the tens digit of a?
0
Let g(u) = 285*u - 20. Let v be g(4). Let x = v - 718. What is the hundreds digit of x?
4
Let f be -3*(-3)/(-12) - 76/(-16). Suppose -2*t + f*s + 599 = 233, 4*t = -4*s + 732. What is the units digit of t?
3
Let o = 205 + -166. Let p = o + 97. What is the hundreds digit of p?
1
Suppose -3*q + 3*m - 1632 = 0, -5*m = -q - 2*m - 546. Let g = q + 550. What is the units digit of g?
7
Let i = 35 + -23. Let d = 25 - i. What is the units digit of 3 - (2 + d)*-1?
8
Let z(w) be the second derivative of w**5/20 - 3*w**4/4 - w**3 + w**2 + w. Let a be -9 - (-3 - -7) - -23. What is the tens digit of z(a)?
4
Let o(x) = 14*x**3 + 4*x**2 - 3. Let v = -39 + 42. What is the tens digit of o(v)?
1
Suppose 0 = 93*j - 75*j - 54234. What is the hundreds digit of j?
0
Suppose 0 = -2*m - l + 101818 - 34172, -3*m - 2*l = -101470. What is the hundreds digit of m?
8
Suppose n - 8115 = 2*u, -3*u = -3*n + 16220 + 8143. What is the units digit of n?
7
Let t = 40345 + -19769. What is the units digit of t?
6
Suppose -20*q = -1453 - 31387. Suppose z - 834 = 3*x, 0 = -2*z - 2*x + q - 14. What is the units digit of z?
9
Let o be (-2)/(2*-4) + (-511)/28. Let s = -15 - o. Suppose -s*a = -4*r - 107, 0 = -3*a + 3*r + 99 + 6. What is the tens digit of a?
3
Let b(r) = 8*r**2 + 17*r - 2. Let y(z) = 7*z + 16. Let o be y(7). Let h = -71 + o. What is the units digit of b(h)?
4
Let v = 328 + 696. What is the tens digit of v?
2
Let x = 438 - 426. Suppose 4*a = x, s - 2*a - 1380 = -s. What is the hundreds digit of s?
6
Suppose 3*v - 4*v = 2*j + 6, 4*v - 3*j = 31. Suppose 2*l - 19 = 5*d, -5*l + 22 = v*d - 8*d. Suppose l*g - 217 = -5*g. What is the units digit of g?
1
Suppose q - 2*q - 12*q = -137761. What is the units digit of q?
7
Let j(l) = -l**3 - 14*l**2 - 17*l - 17. Let k be j(-12). Let t = -101 - k. Suppose t = -0*g + g - 93. What is the tens digit of g?
9
Let d(f) = -13*f**3 + 10*f**2 + 12*f + 42. What is the tens digit of d(-8)?
4
Suppose 0 = -10*s + 83*s + 95*s - 5503848. What is the units digit of s?
1
Let g = 29698 - 8700. What is the units digit of g?
8
Let j be (3 + -156 - 5)/((-2)/(-4)). Let r = 1352 + j. What is the hundreds digit of r?
0
Let n = 144 - 153. What is the units digit of 3 + n + 0 - -53